ded by w(-11).
2
Suppose 0*n = 2*n - 20. Let o(u) = -32*u - 81. Let p = 166 - 170. What is the remainder when o(p) is divided by n?
7
Suppose 2*d = 5*p - 3*d + 30, -p - 6 = 2*d. Let r(n) = 9*n**2 + 4*n - 17. Calculate the remainder when r(p) is divided by 89.
16
Let p = -5902 + 6021. Calculate the remainder when 352 is divided by p.
114
Suppose -10368 = -6*s - 4*s - 1848. What is the remainder when s is divided by 5?
2
Let w be 138/(-24) - 1/4. Let j be (427 - (4 + w)) + 0. Let c = j + -301. Calculate the remainder when c is divided by 13.
11
Let v(k) = -3*k**2 + 21*k + 15. Let d be v(7). Suppose -12*x = -13*x + d. What is the remainder when x is divided by (-4 - -8)/(-4) - -9?
7
Let u = 23053 - 18496. What is the remainder when u is divided by 47?
45
Let b be (-5)/(25/(-15)) - -8. Suppose 3*z - b = -2. What is the remainder when 102 is divided by 1 + (7 - z)*1*5?
18
Let k(l) be the second derivative of l**5/20 + 35*l**4/12 + 32*l**3/3 - 35*l**2/2 - 42*l. What is the remainder when k(-33) is divided by 19?
12
Suppose -48 + 136 = 4*c. Suppose 0 = -2*p + w + c - 0, 0 = -5*p + 5*w + 60. Suppose -4*r + r + 117 = 0. Calculate the remainder when r is divided by p.
9
Suppose -3*l = 3*x - 27, l + 3*x - 3 = -2. Let q(c) = 7*c - 50. Let y(w) = 6*w**2 + 6*w. What is the remainder when y(-5) is divided by q(l)?
38
Suppose -4*j + 5 = -2*z - z, 2*z = 2*j - 2. What is the remainder when 525 is divided by j?
1
Suppose 3*p = 8*q + 1528, 677 = 2*p + 4*q - 323. Calculate the remainder when p is divided by 246.
12
Let o = -3892 + 4771. What is the remainder when o is divided by 40?
39
Suppose -52 - 29 = -3*x. Suppose 62 = x*g - 25*g. Calculate the remainder when 39 is divided by -4*(-1 + -1) + g + -35.
3
Let z(c) = -2*c**3 - 9*c**2 - 4*c - 34. Let o = 227 + -235. What is the remainder when z(o) is divided by 16?
14
Suppose 340 = 6*w - w. Let l be (-4)/2*-3 - -1219. Suppose 30*z + 5*z - l = 0. Calculate the remainder when w is divided by z.
33
Let l(b) = -4*b**2 - 26*b + 477. What is the remainder when 10164 is divided by l(8)?
11
Suppose -20*a = 40 - 515 - 465. Calculate the remainder when 9540 is divided by a.
46
Let a be (-27)/(-18)*(-4)/3. Let p be ((-4)/(-3))/a + (-3484)/39. Let u = p + 142. What is the remainder when u is divided by 19?
14
Let h = -6194 - -6354. Calculate the remainder when 322 is divided by h.
2
Calculate the remainder when (5 - (0 - 8))*(0 + 58) is divided by 69.
64
Let o(i) = -i**3 + 9*i**2 + 12*i - 14. Let f be o(10). What is the remainder when f/(0 + 3) - -37 is divided by (-7)/105*-9 - 94/(-10)?
9
Suppose 0 = 2*f - 0 - 4. Let p(r) = r**3 - 37*r**2 + 101*r - 86. Let c be p(34). What is the remainder when (16/(-20))/(1/c*f) is divided by 7?
6
Suppose -3*x + 2*x = -23. Let h(z) = -2029*z + 34813. What is the remainder when h(17) is divided by x?
21
Let b(i) = i**2 - 11*i + 29. Let f(q) = q**3 + 3*q - 5. Let g be f(2). What is the remainder when b(g) is divided by 5?
1
Suppose -9*y + 2 = -8*y - p, -2*y - 3*p + 4 = 0. Suppose y*v - 23 = 3*f, -2*f + 0*f - 28 = -2*v. Calculate the remainder when 93 is divided by v.
17
Suppose 5*n - 51 = -31. Suppose -n*g + 208 = 76. What is the remainder when 93 is divided by g?
27
Let w(z) = -2*z**2 - 72*z + 175. Calculate the remainder when w(-25) is divided by 105.
95
Calculate the remainder when 293 is divided by 16/24*((-2465)/(-10) - -7).
124
What is the remainder when 282 is divided by 90/(-105) - 944/(-56)?
10
Let x(n) = -2*n - 2*n + 46*n**2 - 6*n + 58*n**2. Let g be x(-3). Suppose 3*m + 3*m = g. Calculate the remainder when m is divided by 18.
17
Let v(j) = -j**3 + 10*j**2 + 17*j + 35. Let t be v(9). Let b = t + -212. Calculate the remainder when b is divided by 14.
1
Let d = 5976 + -5735. What is the remainder when 2893 is divided by d?
1
Let y = -422 - -471. Suppose 2*o - 183 = -5*j, j + 5*o + 190 = 6*j. Calculate the remainder when y is divided by j.
12
Let p(q) = 39*q - 3835. Calculate the remainder when 1103 is divided by p(99).
11
Suppose p + 4*o - 8*o = 167, 0 = -p - 3*o + 174. Calculate the remainder when 521 is divided by p.
8
Let b(o) = 2*o**2 - 27*o + 2. What is the remainder when (-482 - -13)/(-1 + 0) is divided by b(15)?
46
Calculate the remainder when 382 is divided by (-1404)/(-39) + (-5 - (-4)/(5 - 1)).
30
Suppose -35*m = -3269 - 3101. Let a = 268 - 122. Let g = a - 100. Calculate the remainder when m is divided by g.
44
Let u be (-17)/((-34)/520)*-1. Let f = -192 - u. What is the remainder when f is divided by 20?
8
Let i(z) = -52*z + 574. What is the remainder when 621 is divided by i(8)?
147
Suppose 344*y + 315*y - 108172 = -1414. Suppose 2*m - 3*f - 6 - 6 = 0, -40 = -5*m + 5*f. What is the remainder when y is divided by m?
6
Let v = 20 - -128. Suppose v*p - 192 = 140*p. Calculate the remainder when 214 is divided by p.
22
Suppose -2793 = -43*m + 14536. What is the remainder when m is divided by 14?
11
Let a = -46 - -53. Suppose -2*t - 3*t - r = -101, t = 2*r + 29. Suppose o - t = -2. Calculate the remainder when o is divided by a.
5
Let g = -48910 + 79277. Calculate the remainder when g is divided by 13.
12
Let y(b) = -b**3 + 3*b**2 + 6*b + 5. Let w be y(-5). Let v = -164 + w. What is the remainder when 139 is divided by v?
7
Let b(h) = h**2 + 2*h**2 - 3*h + 13 + 17*h + 15*h + 9. What is the remainder when b(-11) is divided by 17?
15
Suppose f = 2*l + 537, -l + 94 = 95. Calculate the remainder when f is divided by 2.
1
Suppose 0 = -50*s - 376 + 2366 + 1810. What is the remainder when 291 is divided by s?
63
Let h be -4 + (-30)/(-3) + -2. Suppose 0 = 6*i - 5*i + 4*a - 30, 2*i = h*a + 108. What is the remainder when i is divided by 5?
1
Suppose -2*d - 3*t = -31, -10*t + 12*t = -2*d + 32. Let a = 49 - d. What is the remainder when 122 is divided by a?
26
What is the remainder when 4165 is divided by -1 + -22 - 3888/(-72)?
11
Suppose 27*z + 15 = 12*z. Let o = -14 + 117. What is the remainder when o is divided by 14*(2 + (1/(-2) - z))?
33
Let j = 9199 + -9177. Calculate the remainder when 672 is divided by j.
12
Suppose 3*u - 958 - 341 = 0. Let y = u - 414. Calculate the remainder when 91 is divided by y.
15
Suppose 4*j + 267 = x, 0*x + 4*j = 3*x - 841. Let w = -266 + x. Calculate the remainder when w is divided by 5.
1
Suppose 2*r + 3*r = 435. Suppose -85 = -5*n + 5*h, r = 5*n - 4*h + h. Suppose 48*k - 91405 = -85405. What is the remainder when k is divided by n?
17
Suppose 2*w = 4*p + 122, 10*p - 29 = 11*p + w. Calculate the remainder when (-4)/5 + (3108/p)/(-7) is divided by 11.
3
Let y = 11719 - 11482. What is the remainder when y is divided by 84?
69
Let d = 7 - 8. Let o be (3/(-9))/(d/(-3)) + -59. Let x = -54 - o. Calculate the remainder when 22 is divided by x.
4
Let u = -20940 + 20962. Calculate the remainder when 17927 is divided by u.
19
Let r = 133 + -144. Calculate the remainder when 6/14 - r/((-154)/(-1268)) is divided by 19.
15
Let n be 250/((3 + 0)/3). Let g = 254 - n. What is the remainder when 27 is divided by g?
3
Suppose -12*t = -16*t - 18*t. What is the remainder when (-244 - t)*(9 + 95/(-10)) is divided by 38?
8
Suppose 131*n - 8*n - 834348 = -15*n. Calculate the remainder when n is divided by 96.
94
Let y(m) = m**2 - 19*m + 3. Let a be y(19). Suppose 0 = a*o, 4*p - 8*o - 20 = -10*o. What is the remainder when 14 is divided by p?
4
Suppose -5*j = -2*j - 384. Suppose 0 = -2*r - a + 14, r = 3*r - 5*a - 74. Calculate the remainder when j is divided by r.
8
Let o = 10 - 7. Suppose -62 = -z + 4*d, -o*d - 144 = -6*z + 4*z. Calculate the remainder when 137 is divided by z.
59
Let g(p) = -187*p + 803. Calculate the remainder when g(-30) is divided by 34.
21
Let z = -1964 + 2087. What is the remainder when z is divided by 6?
3
Let f = -5216 + 5262. Suppose 218 = c + 2*j, -3*j + 6*j = -3*c + 666. What is the remainder when c is divided by f?
42
Calculate the remainder when 7585 is divided by (-42)/(((-55)/165)/((-4)/(-18))).
25
Let z(y) = y**3 - 22*y**2 - 7*y + 144. What is the remainder when z(25) is divided by 37?
31
Let t(o) = -2*o**3 - 4*o**2 - o + 6. Suppose -4*z + 84 = 3*z. Suppose 4*u + 3*f - 6 = 6*u, 5*f + z = -4*u. What is the remainder when 133 is divided by t(u)?
25
Let x = 35 - 49. Let v = 23 + x. Let n = -3 + 45. What is the remainder when n is divided by v